10) to base 5
1004420
1113102 (base 4) to base 16
15d2
What is 47b2 (base 15) in base 16?
3b8a
Convert 29946 (base 11) to base 12.
20654
242003 (base 5) to base 11
6845
Convert 1012102122 (base 3) to base 16.
5c5a
What is -1101100110 (base 2) in base 7?
-2352
1333 (base 6) to base 12
249
5213 (base 7) to base 6
12235
2667 (base 9) to base 14
a33
What is -42327 (base 8) in base 16?
-44d7
Convert 1d8 (base 14) to base 9.
468
Convert 1111200221 (base 3) to base 14.
ab55
What is -54b6 (base 12) in base 13?
-4347
120002 (base 3) to base 9
502
Convert cc (base 14) to base 6.
500
-402 (base 16) to base 6
-4430
Convert 211003 (base 4) to base 12.
1457
What is 5c29 (base 13) in base 7?
53020
Convert -20012221 (base 3) to base 13.
-20aa
What is -121331 (base 4) in base 12?
-b65
Convert 100d9 (base 15) to base 3.
2120201120
What is -6a2 (base 16) in base 5?
-23243
2028a (base 11) to base 2
111001110110110
Convert -657 (base 8) to base 14.
-22b
What is -11000001 (base 2) in base 9?
-234
-245 (base 16) to base 9
-715
Convert 10011 (base 5) to base 15.
2c1
-2b14 (base 16) to base 2
-10101100010100
Convert -37a (base 16) to base 3.
-1012222
Convert 2c92 (base 14) to base 6.
100520
-410 (base 14) to base 10
-798
-17987 (base 12) to base 7
-201541
What is 323253 (base 7) in base 2?
1101110001000100
What is 3225 (base 7) in base 9?
1513
10c87 (base 14) to base 2
1001111110110111
Convert 2414 (base 11) to base 10.
3161
-2012 (base 4) to base 2
-10000110
Convert 2a2 (base 16) to base 13.
3cb
-15ea (base 15) to base 2
-1001001110000
-35166 (base 7) to base 15
-2a10
What is 11757 (base 14) in base 16?
a671
Convert 501 (base 7) to base 4.
3312
171 (base 9) to base 12
101
10803 (base 9) to base 13
338a
-10323210 (base 4) to base 12
-b830
Convert 16632 (base 7) to base 6.
34040
-243122 (base 5) to base 13
-422a
Convert 1011221002 (base 3) to base 6.
255432
Convert 203022 (base 4) to base 6.
14230
Convert -122340 (base 5) to base 13.
-21c1
Convert -485 (base 12) to base 8.
-1245
-b45 (base 12) to base 9
-2218
18b9 (base 13) to base 15
116b
Convert 1432 (base 15) to base 12.
2602
Convert 123120 (base 4) to base 13.
a4a
Convert 120004 (base 6) to base 10.
10372
-33255 (base 8) to base 11
-a575
-433 (base 5) to base 3
-11101
What is 702 (base 11) in base 14?
449
What is -cb (base 15) in base 11?
-164
2ed (base 16) to base 2
1011101101
Convert 1c85 (base 13) to base 8.
10356
What is 1453 (base 6) in base 5?
3033
What is -11d2 (base 16) in base 9?
-6228
Convert -5a (base 14) to base 4.
-1100
Convert 3043112 (base 5) to base 13.
19875
1001111011 (base 2) to base 11
528
-11200001 (base 3) to base 2
-110101001011
Convert 381b (base 12) to base 15.
1d3e
1746 (base 9) to base 7
3621
53326 (base 8) to base 5
1202410
-603 (base 16) to base 13
-915
-2213003 (base 5) to base 9
-57731
What is -3002013 (base 4) in base 3?
-122001010
2572 (base 13) to base 15
18a7
-10021102021 (base 3) to base 9
-107367
-9e8 (base 16) to base 12
-1574
34233 (base 7) to base 12
5049
-624 (base 7) to base 16
-138
Convert -111021 (base 3) to base 10.
-358
What is 1256 (base 9) in base 16?
3ae
-11aa (base 11) to base 15
-6ec
Convert -15b (base 12) to base 10.
-215
-144032 (base 6) to base 7
-55235
What is -5478 (base 15) in base 13?
-81b0
Convert 6306 (base 11) to base 13.
3a59
Convert 310002 (base 4) to base 8.
6402
Convert -1e1b (base 15) to base 9.
-8878
Convert 202022 (base 5) to base 3.
22221012
Convert -515 (base 6) to base 9.
-232
What is -10023210 (base 4) in base 3?
-212111020
21405 (base 6) to base 2
101110001101
-56434 (base 8) to base 15
-70e1
122b (base 14) to base 4
301213
What is 23313022 (base 4) in base 12?
2414a
What is -11123 (base 4) in base 9?
-425
Convert -632 (base 16) to base 5.
-22321
Convert 1022223 (base 4) to base 15.
1639
What is -21122000 (base 3) in base 15?
-19ac
-43310 (base 6) to base 9
-8136
-62383 (base 9) to base 4
-22002312
What is -243 (base 12) in base 11?
-289
What is -3010022 (base 4) in base 14?
-480a
Convert -431 (base 7) to base 5.
-1333
What is -1200001 (base 3) in base 11?
-a06
46b9 (base 12) to base 3
101212020
622a (base 14) to base 13
78c7
Convert 541 (base 14) to base 8.
2015
What is -2e84 (base 16) in base 10?
-11908
Convert 1011100100100 (base 2) to base 7.
23162
4b7d (base 14) to base 4
3032323
Convert -1431 (base 7) to base 2.
-1000110001
Convert -4899 (base 16) to base 2.
-100100010011001
Convert 65 (base 8) to base 12.
45
Convert 44b (base 13) to base 6.
3231
Convert -13874 (base 9) to base 13.
-43cc
What is 31524 (base 7) in base 5?
222214
Convert 404 (base 12) to base 8.
1104
-306 (base 8) to base 12
-146
1843 (base 9) to base 7
4062
Convert 775 (base 12) to base 16.
449
-8722 (base 10) to base 2
-10001000010010
Convert 1111101110011 (base 2) to base 11.
605a
Convert -42022 (base 5) to base 6.
-20442
323 (base 9) to base 12
1a0
What is 10132303 (base 4) in base 8?
43663
418 (base 11) to base 5
4003
-46987 (base 10) to base 2
-1011011110001011
-2411 (base 11) to base 15
-e08
What is -59 (base 11) in base 3?
-2101
3710 (base 12) to base 4
1200330
Convert 145 (base 15) to base 2.
100100010
Convert -55 (base 14) to base 7.
-135
-3a12 (base 11) to base 5
-131331
Convert 1010101100 (base 2) to base 4.
22230
-3330 (base 7) to base 8
-2255
Convert 1100020120 (base 3) to base 12.
13359
Convert 111432 (base 5) to base 4.
332120
What is 2021 (base 5) in base 13?
171
What is 13043 (base 5) in base 4?
33333
-de1a (base 16) to base 2
-1101111000011010
Convert -400341 (base 5) to base 2.
-11000100110100
What is -1144 (base 5) in base 7?
-336
94ba (base 14) to base 9
38153
Convert -1112 (base 10) to base 3.
-1112012
Convert -139a8 (base 13) to base 9.
-55441
-11110010101 (base 2) to base 11
-1505
What is 1015 (base 10) in base 14?
527
-18840 (base 9) to base 7
-53061
What is 43553 (base 7) in base 9?
15868
Convert caf (base 16) to base 5.
100442
What is 89de (base 16) in base 13?
130ac
What is 7411 (base 13) in base 7?
64564
What is -42a (base 15) in base 14?
-4b2
14013 (base 5) to base 6
5125
-11267 (base 9) to base 16
-1d59
-102102111 (base 3) to base 7
-33166
-137 (base 12) to base 5
-1222
What is 243 (base 10) in base 13?
159
Convert 960 (base 15) to base 7.
6111
What is -300 (base 9) in base 8?
-363
Convert 6884 (base 16) to base 14.
9a72
What is 1223 (base 6) in base 12?
213
1733 (base 10) to base 3
2101012
-121082 (base 9) to base 13
-272a5
12614 (base 7) to base 12
1b68
-42663 (base 8) to base 10
-17843
What is 16111 (base 7) in base 10?
4516
Convert d7 (base 14) to base 3.
21000
What is 5d0 (base 15) in base 14?
6a4
What is 1db (base 16) in base 10?
475
-1257 (base 16) to base 6
-33423
Convert -100002 (base 4) to base 3.
-1102000
What is 370 (base 15) in base 7?
2163
What is 124244 (base 5) in base 11?
379a
What is 20423 (base 5) in base 8?
2523
92 (base 13) to base 6
315
What is -1275c (base 13) in base 15?
-a210
Convert 41000 (base 6) to base 15.
1900
What is 1131 (base 4) in base 6?
233
-4176 (base 9) to base 2
-101111111010
Convert -10012320 (base 4) to base 7.
-100023
Convert 105 (base 8) to base 7.
126
20212011 (base 3) to base 7
20401
-600 (base 12) to base 5
-11424
82a (base 13) to base 11
1052
What is 9189 (base 14) in base 8?
60665
1011100 (base 3) to base 16
34e
What is 21130111 (base 4) in base 8?
113425
65d (base 14) to base 15
58e
What is -1403 (base 7) in base 4?
-20132
Convert 11298 (base 12) to base 3.
1011100222
-110101101000011 (base 2) to base 15
-8209
-4112 (base 5) to base 8
-1024
Convert -25300 (base 8) to base 11.
-824a
Convert -124230 (base 8) to base 10.
-43160
3 (base 15) to base 13
3
Convert -56b (base 16) to base 8.
-2553
-1080 (base 10) to base 3
-1111000
Convert 102213033 (base 4) to base 16.
129cf
-10112220 (base 3) to base 2
-101000011101
-10302 (base 5) to base 15
-31c
Convert -11111010111010 (base 2) to base 12.
-9362
What is -13b3 (base 12) in base 6?
-14343
What is -5313 (base 8) in base 13?
-1347
What is 100010010111 (base 2) in base 11?
171a
-3520 (base 8) to base 10
-1872
What is 1a1b (base 15) in base 6?
42055
5254 (base 7) to base 2
11100111100
What is 3642 (base 15) in base 14?
42c1
-1011101 (base 2) to base 8
-135
-1201 (base 16) to base 4
-1020001
-111010110110 (base 2) to base 7
-13660
103010 (base 4) to 